 prime factors of 1551647.
1551647
What are the prime factors of 24180645?
3, 5, 97, 16619
What are the prime factors of 432779?
457, 947
What are the prime factors of 220009?
220009
What are the prime factors of 7596588?
2, 3, 317, 1997
List the prime factors of 68503.
61, 1123
List the prime factors of 99853.
13, 7681
List the prime factors of 5177.
31, 167
List the prime factors of 271454.
2, 135727
List the prime factors of 6936274.
2, 71, 48847
What are the prime factors of 463289?
23, 20143
What are the prime factors of 37468197?
3, 13, 106747
List the prime factors of 728696.
2, 79, 1153
What are the prime factors of 202628?
2, 179, 283
What are the prime factors of 171093?
3, 13, 41, 107
What are the prime factors of 275904?
2, 3, 479
List the prime factors of 939656.
2, 73, 1609
List the prime factors of 292256.
2, 9133
List the prime factors of 16834077.
3, 13, 143881
What are the prime factors of 500455?
5, 101, 991
What are the prime factors of 2193058?
2, 7, 383, 409
List the prime factors of 314085.
3, 5, 20939
List the prime factors of 10724154.
2, 3, 7, 37, 67, 103
What are the prime factors of 217017?
3, 24113
List the prime factors of 5724288.
2, 3, 4969
List the prime factors of 34472440.
2, 5, 79, 10909
List the prime factors of 4062743.
23, 176641
List the prime factors of 322424.
2, 41, 983
List the prime factors of 1856730.
2, 3, 5, 59, 1049
What are the prime factors of 24403047?
3, 8134349
What are the prime factors of 1903766?
2, 389, 2447
List the prime factors of 877299.
3, 229, 1277
What are the prime factors of 969012?
2, 3, 11, 2447
List the prime factors of 608642.
2, 163, 1867
List the prime factors of 2386781.
2386781
List the prime factors of 497744.
2, 13, 2393
What are the prime factors of 5349641?
11, 486331
What are the prime factors of 735806?
2, 79, 4657
List the prime factors of 1945324.
2, 486331
What are the prime factors of 6525030?
2, 3, 5, 263, 827
What are the prime factors of 217550?
2, 5, 19, 229
What are the prime factors of 13577260?
2, 5, 521, 1303
What are the prime factors of 362095?
5, 139, 521
List the prime factors of 2927419.
11, 266129
What are the prime factors of 9797819?
9797819
What are the prime factors of 179954?
2, 89977
What are the prime factors of 3670231?
3670231
List the prime factors of 3225810.
2, 3, 5, 7, 15361
What are the prime factors of 10272664?
2, 1284083
What are the prime factors of 658856?
2, 11, 7487
What are the prime factors of 154344?
2, 3, 59, 109
List the prime factors of 8766461.
11, 796951
What are the prime factors of 335883?
3, 103, 1087
List the prime factors of 1326295.
5, 19, 23, 607
What are the prime factors of 412108?
2, 269, 383
What are the prime factors of 147516?
2, 3, 19, 647
List the prime factors of 226211.
47, 4813
What are the prime factors of 2613683?
29, 90127
List the prime factors of 97133.
137, 709
What are the prime factors of 4324627?
4324627
What are the prime factors of 2097637?
359, 5843
What are the prime factors of 216309?
3, 72103
List the prime factors of 7962787.
7, 47, 24203
What are the prime factors of 343659?
3, 114553
What are the prime factors of 675141?
3, 313, 719
List the prime factors of 46008.
2, 3, 71
What are the prime factors of 15507078?
2, 3, 19, 136027
List the prime factors of 30970.
2, 5, 19, 163
List the prime factors of 762609.
3, 233, 1091
List the prime factors of 468291.
3, 139, 1123
List the prime factors of 159941.
41, 47, 83
What are the prime factors of 38518?
2, 19259
List the prime factors of 204581.
13, 15737
List the prime factors of 1753179.
3, 584393
List the prime factors of 190337.
7, 27191
List the prime factors of 357396.
2, 3, 13, 29, 79
What are the prime factors of 359928?
2, 3, 4999
What are the prime factors of 22223123?
13, 151, 11321
What are the prime factors of 6533913?
3, 2177971
List the prime factors of 2210778.
2, 3, 263, 467
What are the prime factors of 5052629?
43, 117503
What are the prime factors of 212516?
2, 53129
List the prime factors of 1335078.
2, 3, 17, 4363
What are the prime factors of 655525?
5, 13, 2017
List the prime factors of 917851.
11, 181, 461
List the prime factors of 6078026.
2, 23, 71, 1861
What are the prime factors of 29931987?
3, 9977329
List the prime factors of 4360171.
4360171
What are the prime factors of 2980772?
2, 433, 1721
What are the prime factors of 61709?
23, 2683
List the prime factors of 1210980.
2, 3, 5, 20183
What are the prime factors of 587832?
2, 3, 7, 3499
What are the prime factors of 882173?
882173
List the prime factors of 4139820.
2, 3, 5, 109, 211
List the prime factors of 1208964.
2, 3, 100747
List the prime factors of 21817903.
21817903
What are the prime factors of 760488?
2, 3, 31687
List the prime factors of 637556.
2, 159389
What are the prime factors of 4532074?
2, 2266037
What are the prime factors of 170880?
2, 3, 5, 89
List the prime factors of 353865.
3, 5, 31, 761
What are the prime factors of 389479?
389479
What are the prime factors of 1393796?
2, 17, 103, 199
List the prime factors of 586070.
2, 5, 103, 569
What are the prime factors of 220831?
13, 16987
List the prime factors of 19963683.
3, 37, 59951
What are the prime factors of 1472197?
1472197
List the prime factors of 7938458.
2, 11, 73, 4943
What are the prime factors of 432559?
432559
What are the prime factors of 7887887?
7, 59, 71, 269
What are the prime factors of 441982?
2, 383, 577
List the prime factors of 35007.
3, 7, 1667
What are the prime factors of 295199?
295199
What are the prime factors of 5533?
11, 503
List the prime factors of 782179.
79, 9901
What are the prime factors of 108525?
3, 5, 1447
List the prime factors of 23054759.
7, 13, 253349
List the prime factors of 1126171.
73, 15427
What are the prime factors of 41772?
2, 3, 59
What are the prime factors of 21018364?
2, 5254591
What are the prime factors of 2111938?
2, 1055969
What are the prime factors of 46040?
2, 5, 1151
What are the prime factors of 18978765?
3, 5, 13, 97327
List the prime factors of 3059780.
2, 5, 152989
List the prime factors of 643474.
2, 13, 24749
What are the prime factors of 3961138?
2, 883, 2243
List the prime factors of 12887.
7, 263
What are the prime factors of 39607688?
2, 17, 179, 1627
List the prime factors of 406127.
47, 8641
What are the prime factors of 548258?
2, 467, 587
List the prime factors of 314071.
127, 2473
List the prime factors of 425453.
7, 60779
What are the prime factors of 223650?
2, 3, 5, 7, 71
List the prime factors of 1481324.
2, 13, 61, 467
List the prime factors of 1182223.
7, 23, 1049
What are the prime factors of 3612122?
2, 1806061
List the prime factors of 255365.
5, 11, 4643
List the prime factors of 483702.
2, 3, 19, 4243
What are the prime factors of 24970044?
2, 3, 11, 29, 593
List the prime factors of 378059.
11, 34369
What are the prime factors of 1442174?
2, 721087
What are the prime factors of 209930?
2, 5, 7, 2999
What are the prime factors of 1800132?
2, 3, 150011
List the prime factors of 161087.
161087
What are the prime factors of 372987?
3, 41443
List the prime factors of 3452793.
3, 109, 10559
What are the prime factors of 447949?
199, 2251
List the prime factors of 204123.
3, 68041
What are the prime factors of 269079?
3, 257, 349
List the prime factors of 9176957.
17, 193, 2797
List the prime factors of 4657058.
2, 7, 47521
List the prime factors of 643525.
5, 25741
List the prime factors of 165962.
2, 82981
What are the prime factors of 302573?
302573
What are the prime factors of 2484945?
3, 5, 79, 233
List the prime factors of 2140282.
2, 41, 43, 607
What are the prime factors of 11838905?
5, 13, 23, 7919
What are the prime factors of 140492?
2, 11, 31, 103
List the prime factors of 296235.
3, 5, 29, 227
List the prime factors of 706873.
709, 997
What are the prime factors of 823371?
3, 274457
List the prime factors of 3483955.
5, 53, 13147
What are the prime factors of 1569242?
2, 43, 71, 257
List the prime factors of 332240.
2, 5, 4153
What are the prime factors of 2833511?
61, 46451
List the prime factors of 3155947.
101, 31247
List the prime factors of 6966322.
2, 11, 29, 61, 179
List the prime factors of 30771735.
3, 5, 19, 107971
What are the prime factors of 107926?
2, 7, 13, 593
List the